{"id":52,"date":"2021-02-04T09:30:30","date_gmt":"2021-02-04T09:30:30","guid":{"rendered":"https:\/\/ecrinm3.usal.es\/?page_id=52"},"modified":"2024-05-20T11:09:25","modified_gmt":"2024-05-20T11:09:25","slug":"news","status":"publish","type":"page","link":"https:\/\/ecrinm3.usal.es\/?page_id=52","title":{"rendered":"NEWS"},"content":{"rendered":"\n<div style=\"height:100px\" aria-hidden=\"true\" class=\"wp-block-spacer\"><\/div>\n\n\n\n<div class=\"wp-block-media-text alignwide is-stacked-on-mobile\" style=\"grid-template-columns:15% auto\"><figure class=\"wp-block-media-text__media\"><img loading=\"lazy\" width=\"328\" height=\"340\" src=\"http:\/\/ecrinm3.usal.es\/wp-content\/uploads\/2024\/05\/image-1.png\" alt=\"\" class=\"wp-image-1626 size-full\" srcset=\"https:\/\/ecrinm3.usal.es\/wp-content\/uploads\/2024\/05\/image-1.png 328w, https:\/\/ecrinm3.usal.es\/wp-content\/uploads\/2024\/05\/image-1-289x300.png 289w\" sizes=\"(max-width: 328px) 100vw, 328px\" \/><\/figure><div class=\"wp-block-media-text__content\">\n<p><a href=\"https:\/\/www.rtve.es\/play\/audios\/castilla-y-leon-informativos\/informativo-salamanca-mediodia-13-05-2024\/16101181\/\">Castilla y Le\u00f3n Informativos &#8211; RNE | RTVE Audio<\/a>\u00a0<\/p>\n\n\n\n<p>En el Centro de Investigaci\u00f3n del C\u00e1ncer se celebr\u00f3 el 13\/05 una jornada para dar a conocer los proyectos que se desarrollan en los laboratorios salmantinos y como se trasladan sus resultados al tejido empresarial y sanitario.\u00a0(Noticias -3:21-1:28)<\/p>\n<\/div><\/div>\n\n\n\n<div style=\"height:100px\" aria-hidden=\"true\" class=\"wp-block-spacer\"><\/div>\n\n\n\n<hr class=\"wp-block-separator has-alpha-channel-opacity\"\/>\n\n\n\n<div style=\"height:100px\" aria-hidden=\"true\" class=\"wp-block-spacer\"><\/div>\n\n\n\n<div class=\"wp-block-media-text alignwide has-media-on-the-right is-stacked-on-mobile\" style=\"grid-template-columns:auto 34%\"><figure class=\"wp-block-media-text__media\"><img loading=\"lazy\" width=\"1024\" height=\"661\" src=\"http:\/\/ecrinm3.usal.es\/wp-content\/uploads\/2024\/05\/image-1024x661.png\" alt=\"\" class=\"wp-image-1623 size-full\" srcset=\"https:\/\/ecrinm3.usal.es\/wp-content\/uploads\/2024\/05\/image-1024x661.png 1024w, https:\/\/ecrinm3.usal.es\/wp-content\/uploads\/2024\/05\/image-300x194.png 300w, https:\/\/ecrinm3.usal.es\/wp-content\/uploads\/2024\/05\/image-768x496.png 768w, https:\/\/ecrinm3.usal.es\/wp-content\/uploads\/2024\/05\/image.png 1378w\" sizes=\"(max-width: 1024px) 100vw, 1024px\" \/><\/figure><div class=\"wp-block-media-text__content\">\n<p><a href=\"https:\/\/www.rtve.es\/play\/videos\/noticias-de-castilla-y-leon\/noticias-castilla-leon-2\/16101609\/\">Noticias de Castilla y Le\u00f3n &#8211; Programa informativo en RTVE Play<\/a> (minuto 10:44 &#8211; 12:12)<\/p>\n\n\n\n<p>El 13 de mayo hemos celebrado en el Centro de Investigaci\u00f3n del C\u00e1ncer la jornada \u201cINVESTIGACI\u00d3N EN C\u00c1NCER EN EL CSIC: DEL LABORATORIO A LOS PACIENTES\u201c donde entre otros presentamos nuestro proyecto y sus avances.<\/p>\n<\/div><\/div>\n\n\n\n<div style=\"height:100px\" aria-hidden=\"true\" class=\"wp-block-spacer\"><\/div>\n\n\n\n<hr class=\"wp-block-separator has-alpha-channel-opacity\"\/>\n\n\n\n<div style=\"height:100px\" aria-hidden=\"true\" class=\"wp-block-spacer\"><\/div>\n\n\n\n<div class=\"wp-block-media-text alignwide is-stacked-on-mobile\" style=\"grid-template-columns:48% auto\"><figure class=\"wp-block-media-text__media\"><img loading=\"lazy\" width=\"503\" height=\"365\" src=\"http:\/\/ecrinm3.usal.es\/wp-content\/uploads\/2023\/10\/Leucemia-pillada-por-celulas-anormales.png\" alt=\"\" class=\"wp-image-1616 size-full\" srcset=\"https:\/\/ecrinm3.usal.es\/wp-content\/uploads\/2023\/10\/Leucemia-pillada-por-celulas-anormales.png 503w, https:\/\/ecrinm3.usal.es\/wp-content\/uploads\/2023\/10\/Leucemia-pillada-por-celulas-anormales-300x218.png 300w\" sizes=\"(max-width: 503px) 100vw, 503px\" \/><\/figure><div class=\"wp-block-media-text__content\">\n<p>Leucemia \u2018pillada\u2019 por c\u00e9lulas anormales <a href=\"http:\/\/ecrinm3.usal.es\/wp-content\/uploads\/2023\/10\/20231024_PDF-PREMIOS_INNOVADORES_2023_El-Mundo.pdf\">20231024_PDF PREMIOS_INNOVADORES_2023_El Mundo.pdf<\/a><\/p>\n<\/div><\/div>\n\n\n\n<div style=\"height:100px\" aria-hidden=\"true\" class=\"wp-block-spacer\"><\/div>\n\n\n\n<hr class=\"wp-block-separator has-alpha-channel-opacity\"\/>\n\n\n\n<div style=\"height:100px\" aria-hidden=\"true\" class=\"wp-block-spacer\"><\/div>\n\n\n\n<div class=\"wp-block-media-text alignwide has-media-on-the-right is-stacked-on-mobile\" style=\"grid-template-columns:auto 34%\"><figure class=\"wp-block-media-text__media\"><img loading=\"lazy\" width=\"774\" height=\"456\" src=\"http:\/\/ecrinm3.usal.es\/wp-content\/uploads\/2023\/10\/20231019_Premio-el-Mundo_Julia-1.jpeg\" alt=\"\" class=\"wp-image-1609 size-full\" srcset=\"https:\/\/ecrinm3.usal.es\/wp-content\/uploads\/2023\/10\/20231019_Premio-el-Mundo_Julia-1.jpeg 774w, https:\/\/ecrinm3.usal.es\/wp-content\/uploads\/2023\/10\/20231019_Premio-el-Mundo_Julia-1-300x177.jpeg 300w, https:\/\/ecrinm3.usal.es\/wp-content\/uploads\/2023\/10\/20231019_Premio-el-Mundo_Julia-1-768x452.jpeg 768w\" sizes=\"(max-width: 774px) 100vw, 774px\" \/><\/figure><div class=\"wp-block-media-text__content\">\n<p>Mejor Proyecto del suplemento Innovadores del Mundo <a href=\"https:\/\/diariodecastillayleon.elmundo.es\/articulo\/innovadores\/creador-ioba-jose-carlos-pastor-premio-innovadores-2023-mundo-castilla-leon\/20230919205714079352.html\">El creador del Ioba, Jos\u00e9 Carlos Pastor, Premio Innovadores 2023 de El Mundo de Castilla y Le\u00f3n<\/a><\/p>\n<\/div><\/div>\n\n\n\n<div style=\"height:100px\" aria-hidden=\"true\" class=\"wp-block-spacer\"><\/div>\n\n\n\n<hr class=\"wp-block-separator has-alpha-channel-opacity\"\/>\n\n\n\n<div style=\"height:100px\" aria-hidden=\"true\" class=\"wp-block-spacer\"><\/div>\n\n\n\n<div class=\"wp-block-media-text alignwide is-stacked-on-mobile\" style=\"grid-template-columns:48% auto\"><figure class=\"wp-block-media-text__media\"><img loading=\"lazy\" width=\"1024\" height=\"272\" src=\"http:\/\/ecrinm3.usal.es\/wp-content\/uploads\/2023\/10\/Informativo-Salamanca-rne-1024x272.png\" alt=\"\" class=\"wp-image-1598 size-full\" srcset=\"https:\/\/ecrinm3.usal.es\/wp-content\/uploads\/2023\/10\/Informativo-Salamanca-rne-1024x272.png 1024w, https:\/\/ecrinm3.usal.es\/wp-content\/uploads\/2023\/10\/Informativo-Salamanca-rne-300x80.png 300w, https:\/\/ecrinm3.usal.es\/wp-content\/uploads\/2023\/10\/Informativo-Salamanca-rne-768x204.png 768w, https:\/\/ecrinm3.usal.es\/wp-content\/uploads\/2023\/10\/Informativo-Salamanca-rne.png 1470w\" sizes=\"(max-width: 1024px) 100vw, 1024px\" \/><\/figure><div class=\"wp-block-media-text__content\">\n<p>Informativo Salamanca &#8211; 24\/09\/2021 <a href=\"https:\/\/www.rtve.es\/play\/audios\/informativo-de-castilla-y-leon\/informativo-salamanca-24-09-2021\/6108457\/\">Castilla y Le\u00f3n Informativos: Informativo Salamanca &#8211; 24\/09\/2021 | RTVE Play<\/a><\/p>\n<\/div><\/div>\n\n\n\n<div style=\"height:100px\" aria-hidden=\"true\" class=\"wp-block-spacer\"><\/div>\n\n\n\n<hr class=\"wp-block-separator has-alpha-channel-opacity\"\/>\n\n\n\n<div style=\"height:100px\" aria-hidden=\"true\" class=\"wp-block-spacer\"><\/div>\n\n\n\n<div class=\"wp-block-media-text alignwide has-media-on-the-right is-stacked-on-mobile\" style=\"grid-template-columns:auto 48%\"><figure class=\"wp-block-media-text__media\"><img loading=\"lazy\" width=\"1024\" height=\"527\" src=\"http:\/\/ecrinm3.usal.es\/wp-content\/uploads\/2023\/10\/Julia-Entrevista-en-Hoy-por-hoy-en-CyL-1024x527.png\" alt=\"\" class=\"wp-image-1593 size-full\" srcset=\"https:\/\/ecrinm3.usal.es\/wp-content\/uploads\/2023\/10\/Julia-Entrevista-en-Hoy-por-hoy-en-CyL-1024x527.png 1024w, https:\/\/ecrinm3.usal.es\/wp-content\/uploads\/2023\/10\/Julia-Entrevista-en-Hoy-por-hoy-en-CyL-300x154.png 300w, https:\/\/ecrinm3.usal.es\/wp-content\/uploads\/2023\/10\/Julia-Entrevista-en-Hoy-por-hoy-en-CyL-768x396.png 768w, https:\/\/ecrinm3.usal.es\/wp-content\/uploads\/2023\/10\/Julia-Entrevista-en-Hoy-por-hoy-en-CyL.png 1468w\" sizes=\"(max-width: 1024px) 100vw, 1024px\" \/><\/figure><div class=\"wp-block-media-text__content\">\n<p>Entrevista en Hoy por hoy en CyL <a href=\"https:\/\/drive.google.com\/file\/d\/1MAFII__ch6mpPcgSkaodPkTXdpfsz3-m\/view?pli=1\">parte entrevista Hoy por hoy_informativos 7 diciembre.mp4 &#8211; Google Drive<\/a> 6-12-2022<\/p>\n<\/div><\/div>\n\n\n\n<div style=\"height:100px\" aria-hidden=\"true\" class=\"wp-block-spacer\"><\/div>\n\n\n\n<hr class=\"wp-block-separator has-alpha-channel-opacity\"\/>\n\n\n\n<div style=\"height:100px\" aria-hidden=\"true\" class=\"wp-block-spacer\"><\/div>\n\n\n\n<div class=\"wp-block-media-text alignwide is-stacked-on-mobile\" style=\"grid-template-columns:48% auto\"><figure class=\"wp-block-media-text__media\"><img loading=\"lazy\" width=\"1024\" height=\"529\" src=\"http:\/\/ecrinm3.usal.es\/wp-content\/uploads\/2023\/10\/AO_3_Entrevista-del-Patrocinador-Loterias-de-Estado-1-1024x529.png\" alt=\"\" class=\"wp-image-1590 size-full\" srcset=\"https:\/\/ecrinm3.usal.es\/wp-content\/uploads\/2023\/10\/AO_3_Entrevista-del-Patrocinador-Loterias-de-Estado-1-1024x529.png 1024w, https:\/\/ecrinm3.usal.es\/wp-content\/uploads\/2023\/10\/AO_3_Entrevista-del-Patrocinador-Loterias-de-Estado-1-300x155.png 300w, https:\/\/ecrinm3.usal.es\/wp-content\/uploads\/2023\/10\/AO_3_Entrevista-del-Patrocinador-Loterias-de-Estado-1-768x397.png 768w, https:\/\/ecrinm3.usal.es\/wp-content\/uploads\/2023\/10\/AO_3_Entrevista-del-Patrocinador-Loterias-de-Estado-1.png 1531w\" sizes=\"(max-width: 1024px) 100vw, 1024px\" \/><\/figure><div class=\"wp-block-media-text__content\">\n<p>Entrevista del Patrocinador Loter\u00edas de Estado <a href=\"https:\/\/www.rtve.es\/play\/videos\/selae\/suerte-manos-31-03-23\/6848754\/\" target=\"_blank\" rel=\"noreferrer noopener\"><\/a><a href=\"https:\/\/www.rtve.es\/play\/videos\/selae\/suerte-manos-31-03-23\/6848754\/\">Informaci\u00f3n sobre Loter\u00edas \u00abLa suerte en tus manos\u00bb de RTVE<\/a><\/p>\n<\/div><\/div>\n\n\n\n<div style=\"height:100px\" aria-hidden=\"true\" class=\"wp-block-spacer\"><\/div>\n\n\n\n<hr class=\"wp-block-separator has-alpha-channel-opacity\"\/>\n\n\n\n<div style=\"height:100px\" aria-hidden=\"true\" class=\"wp-block-spacer\"><\/div>\n\n\n\n<div class=\"wp-block-media-text alignwide has-media-on-the-right is-stacked-on-mobile\" style=\"grid-template-columns:auto 48%\"><figure class=\"wp-block-media-text__media\"><img loading=\"lazy\" width=\"600\" height=\"220\" src=\"http:\/\/ecrinm3.usal.es\/wp-content\/uploads\/2023\/01\/news_booklet.jpg\" alt=\"\" class=\"wp-image-1579 size-full\" srcset=\"https:\/\/ecrinm3.usal.es\/wp-content\/uploads\/2023\/01\/news_booklet.jpg 600w, https:\/\/ecrinm3.usal.es\/wp-content\/uploads\/2023\/01\/news_booklet-300x110.jpg 300w\" sizes=\"(max-width: 600px) 100vw, 600px\" \/><\/figure><div class=\"wp-block-media-text__content\">\n<p><a rel=\"noreferrer noopener\" href=\"https:\/\/www.cancerresearchuk.org\/our-research-in-southampton\/improving-diagnosis-of-chronic-lymphocytic-leukaemia\" target=\"_blank\"><\/a><a rel=\"noreferrer noopener\" href=\"http:\/\/ecrinm3.usal.es\/wp-content\/uploads\/ECRIN-M3-BOOKLET\/ECRIN-M3-BOOKLET.html\" target=\"_blank\">EARLY CANCER RESEARCH INITIATIVE NETWORK ON MBL (ECRIN-M3) &#8211; BOOKLET<\/a><\/p>\n<\/div><\/div>\n\n\n\n<div style=\"height:100px\" aria-hidden=\"true\" class=\"wp-block-spacer\"><\/div>\n\n\n\n<hr class=\"wp-block-separator has-alpha-channel-opacity\"\/>\n\n\n\n<div style=\"height:100px\" aria-hidden=\"true\" class=\"wp-block-spacer\"><\/div>\n\n\n\n<div class=\"wp-block-media-text alignwide is-stacked-on-mobile\" style=\"grid-template-columns:48% auto\"><figure class=\"wp-block-media-text__media\"><img loading=\"lazy\" width=\"650\" height=\"200\" src=\"http:\/\/ecrinm3.usal.es\/wp-content\/uploads\/2022\/05\/julia-almeida-youtube.png\" alt=\"\" class=\"wp-image-1554 size-full\" srcset=\"https:\/\/ecrinm3.usal.es\/wp-content\/uploads\/2022\/05\/julia-almeida-youtube.png 650w, https:\/\/ecrinm3.usal.es\/wp-content\/uploads\/2022\/05\/julia-almeida-youtube-300x92.png 300w\" sizes=\"(max-width: 650px) 100vw, 650px\" \/><\/figure><div class=\"wp-block-media-text__content\">\n<p><a href=\"https:\/\/youtu.be\/y0fxAnE-lAs\" target=\"_blank\" rel=\"noreferrer noopener\">Entrevista a Julia Almeida, investigadora del CIC para la detecci\u00f3n precoz de la leucemia &#8211; YouTube<\/a><\/p>\n<\/div><\/div>\n\n\n\n<div style=\"height:100px\" aria-hidden=\"true\" class=\"wp-block-spacer\"><\/div>\n\n\n\n<hr class=\"wp-block-separator has-alpha-channel-opacity\"\/>\n\n\n\n<div style=\"height:100px\" aria-hidden=\"true\" class=\"wp-block-spacer\"><\/div>\n\n\n\n<div class=\"wp-block-media-text alignwide has-media-on-the-right is-stacked-on-mobile\" style=\"grid-template-columns:auto 48%\"><figure class=\"wp-block-media-text__media\"><img loading=\"lazy\" width=\"600\" height=\"217\" src=\"http:\/\/ecrinm3.usal.es\/wp-content\/uploads\/2022\/05\/francesco_news.png\" alt=\"\" class=\"wp-image-1466 size-full\" srcset=\"https:\/\/ecrinm3.usal.es\/wp-content\/uploads\/2022\/05\/francesco_news.png 600w, https:\/\/ecrinm3.usal.es\/wp-content\/uploads\/2022\/05\/francesco_news-300x109.png 300w\" sizes=\"(max-width: 600px) 100vw, 600px\" \/><\/figure><div class=\"wp-block-media-text__content\">\n<p><a href=\"https:\/\/www.cancerresearchuk.org\/our-research-in-southampton\/improving-diagnosis-of-chronic-lymphocytic-leukaemia\" target=\"_blank\" rel=\"noreferrer noopener\">Improving diagnosis of chronic lymphocytic leukaemia<\/a><\/p>\n<\/div><\/div>\n\n\n\n<div style=\"height:100px\" aria-hidden=\"true\" class=\"wp-block-spacer\"><\/div>\n\n\n\n<hr class=\"wp-block-separator has-alpha-channel-opacity\"\/>\n\n\n\n<div style=\"height:100px\" aria-hidden=\"true\" class=\"wp-block-spacer\"><\/div>\n\n\n\n<div class=\"wp-block-media-text alignwide is-stacked-on-mobile\"><figure class=\"wp-block-media-text__media\"><img loading=\"lazy\" width=\"650\" height=\"200\" src=\"http:\/\/ecrinm3.usal.es\/wp-content\/uploads\/2022\/04\/cic_new.png\" alt=\"\" class=\"wp-image-1448 size-full\" srcset=\"https:\/\/ecrinm3.usal.es\/wp-content\/uploads\/2022\/04\/cic_new.png 650w, https:\/\/ecrinm3.usal.es\/wp-content\/uploads\/2022\/04\/cic_new-300x92.png 300w\" sizes=\"(max-width: 650px) 100vw, 650px\" \/><\/figure><div class=\"wp-block-media-text__content\">\n<p><a href=\"https:\/\/www.tribunasalamanca.com\/noticias\/el-centro-del-cancer-busca-voluntarios-para-identificar-celulas-con-mayor-disposicion-a-leucemia-linfatica-cronica\/1650968826\" target=\"_blank\" rel=\"noreferrer noopener\">El Centro del C\u00e1ncer busca voluntarios para identificar c\u00e9lulas con mayor disposici\u00f3n a leucemia linf\u00e1tica cr\u00f3nica<\/a><\/p>\n<\/div><\/div>\n\n\n\n<div style=\"height:100px\" aria-hidden=\"true\" class=\"wp-block-spacer\"><\/div>\n\n\n\n<hr class=\"wp-block-separator has-alpha-channel-opacity\"\/>\n\n\n\n<div style=\"height:100px\" aria-hidden=\"true\" class=\"wp-block-spacer\"><\/div>\n\n\n\n<div class=\"wp-block-media-text alignwide has-media-on-the-right is-stacked-on-mobile\" style=\"grid-template-columns:auto 48%\"><figure class=\"wp-block-media-text__media\"><img loading=\"lazy\" width=\"679\" height=\"221\" src=\"http:\/\/ecrinm3.usal.es\/wp-content\/uploads\/2021\/02\/new-Accelerator_Centro.jpg\" alt=\"\" class=\"wp-image-652 size-full\"\/><\/figure><div class=\"wp-block-media-text__content\">\n<p><a href=\"https:\/\/saladeprensa.usal.es\/node\/123135\" target=\"_blank\" rel=\"noreferrer noopener\">Concedido proyecto Accelerator al Centro de Investigaci\u00f3n del C\u00e1ncer (CIC-IBMCC) para el estudio de la linfocitosis monoclonal de c\u00e9lulas B | Sala de Prensa (usal.es)<\/a><\/p>\n<\/div><\/div>\n\n\n\n<div style=\"height:100px\" aria-hidden=\"true\" class=\"wp-block-spacer\"><\/div>\n\n\n\n<hr class=\"wp-block-separator has-alpha-channel-opacity\"\/>\n\n\n\n<div style=\"height:100px\" aria-hidden=\"true\" class=\"wp-block-spacer\"><\/div>\n\n\n\n<div class=\"wp-block-media-text alignwide is-stacked-on-mobile\" style=\"grid-template-columns:52% auto\"><figure class=\"wp-block-media-text__media\"><img loading=\"lazy\" width=\"552\" height=\"168\" src=\"http:\/\/ecrinm3.usal.es\/wp-content\/uploads\/2021\/02\/new-Investigacion_leucemia_linfatica_cronica.jpg\" alt=\"\" class=\"wp-image-653 size-full\"\/><\/figure><div class=\"wp-block-media-text__content\">\n<p><a href=\"https:\/\/saladeprensa.usal.es\/atom\/110496\" target=\"_blank\" rel=\"noreferrer noopener\">Investigaci\u00f3n leucemia linf\u00e1tica cr\u00f3nica | Sala de Prensa (usal.es)<\/a><\/p>\n<\/div><\/div>\n","protected":false},"excerpt":{"rendered":"<p>Castilla y Le\u00f3n Informativos &#8211; RNE | RTVE Audio\u00a0 En el Centro de Investigaci\u00f3n del C\u00e1ncer se celebr\u00f3 el 13\/05 una jornada para dar a conocer los proyectos que se desarrollan en los laboratorios salmantinos y como se trasladan sus resultados al tejido empresarial y sanitario.\u00a0(Noticias -3:21-1:28) Noticias de Castilla y Le\u00f3n &#8211; Programa informativo [&hellip;]<\/p>\n","protected":false},"author":1,"featured_media":0,"parent":0,"menu_order":0,"comment_status":"closed","ping_status":"closed","template":"templates\/template-fullwidth.php","meta":[],"_links":{"self":[{"href":"https:\/\/ecrinm3.usal.es\/index.php?rest_route=\/wp\/v2\/pages\/52"}],"collection":[{"href":"https:\/\/ecrinm3.usal.es\/index.php?rest_route=\/wp\/v2\/pages"}],"about":[{"href":"https:\/\/ecrinm3.usal.es\/index.php?rest_route=\/wp\/v2\/types\/page"}],"author":[{"embeddable":true,"href":"https:\/\/ecrinm3.usal.es\/index.php?rest_route=\/wp\/v2\/users\/1"}],"replies":[{"embeddable":true,"href":"https:\/\/ecrinm3.usal.es\/index.php?rest_route=%2Fwp%2Fv2%2Fcomments&post=52"}],"version-history":[{"count":75,"href":"https:\/\/ecrinm3.usal.es\/index.php?rest_route=\/wp\/v2\/pages\/52\/revisions"}],"predecessor-version":[{"id":1631,"href":"https:\/\/ecrinm3.usal.es\/index.php?rest_route=\/wp\/v2\/pages\/52\/revisions\/1631"}],"wp:attachment":[{"href":"https:\/\/ecrinm3.usal.es\/index.php?rest_route=%2Fwp%2Fv2%2Fmedia&parent=52"}],"curies":[{"name":"wp","href":"https:\/\/api.w.org\/{rel}","templated":true}]}}